1417931 composite?
False
Is 503436181 composite?
True
Is 1692284345 a composite number?
True
Is 2564208763 a composite number?
False
Is 3126099331 prime?
True
Is 219605273 prime?
False
Is 130291114 prime?
False
Is 7469780789 composite?
False
Is 27679136999 composite?
True
Is 282910049 composite?
False
Is 423155615437 prime?
False
Is 72467301623 composite?
True
Is 12795470759 a prime number?
True
Is 245262337 a prime number?
True
Is 122077139 composite?
False
Is 590741377 a prime number?
True
Is 14886053641 a composite number?
False
Is 330895949 a composite number?
False
Is 775946159 a composite number?
True
Is 7277623559 a prime number?
False
Is 173230741 composite?
False
Is 2273265887 composite?
True
Is 3119863177 a composite number?
False
Is 862622207 a composite number?
True
Is 56672299109 a composite number?
False
Is 996194887 composite?
False
Is 93499816957 composite?
True
Is 576481733 a prime number?
False
Is 10991771051 composite?
False
Is 1628101057 a composite number?
True
Is 950515681 a prime number?
False
Is 2827618433 composite?
False
Is 792555853 a composite number?
True
Is 36670402963 composite?
True
Is 1444877911 prime?
False
Is 5204434789 composite?
False
Is 7141616593 composite?
True
Is 2060798959 prime?
True
Is 17520570623 a composite number?
True
Is 9603260551 composite?
False
Is 461348401 composite?
False
Is 59651357 a prime number?
True
Is 4963046161 a prime number?
True
Is 23490539473 composite?
True
Is 1244004071 prime?
False
Is 1857431473 a prime number?
True
Is 2119204499 prime?
True
Is 3874927711 a composite number?
False
Is 609285517 a prime number?
True
Is 2762843477 a composite number?
False
Is 104894381 prime?
True
Is 686506823 composite?
False
Is 4954730113 composite?
True
Is 12568269939 a prime number?
False
Is 14210569 prime?
True
Is 319488691 a prime number?
True
Is 234775156153 prime?
True
Is 4167529061 a prime number?
False
Is 113528717 prime?
True
Is 12371728459 a composite number?
False
Is 11545059115 prime?
False
Is 5928628751 composite?
True
Is 4714691071 a prime number?
False
Is 15345599 prime?
True
Is 20890437587 prime?
True
Is 234102962138 a composite number?
True
Is 108317797757 prime?
False
Is 379510421 a composite number?
True
Is 53905884203 a composite number?
False
Is 406214291 prime?
False
Is 2082473761 a prime number?
False
Is 10810230061 a prime number?
True
Is 1719020543 composite?
True
Is 12370454729 a prime number?
True
Is 109719163 a composite number?
False
Is 412770359 prime?
False
Is 224750094769 a prime number?
True
Is 5538518021 prime?
True
Is 9224467666 a prime number?
False
Is 63903834439 a composite number?
False
Is 58605172091 composite?
False
Is 510423917 a prime number?
False
Is 1955746367 composite?
False
Is 3008558437 composite?
False
Is 48913148101 prime?
False
Is 42200419349 composite?
True
Is 5476941163 a composite number?
False
Is 33408887881 composite?
False
Is 31343166893 prime?
True
Is 732674743 composite?
False
Is 12009362069 a prime number?
False
Is 228895500917 composite?
False
Is 217564723 a prime number?
True
Is 222601559 composite?
False
Is 5072012359 a prime number?
False
Is 244604669 prime?
False
Is 2589080683 a composite number?
True
Is 69093973903 composite?
False
Is 374714819 composite?
True
Is 1712005718 composite?
True
Is 24436012323 a composite number?
True
Is 710279191 a prime number?
False
Is 6351458213 composite?
True
Is 10218026279 prime?
True
Is 3200169751 composite?
True
Is 110413973 composite?
False
Is 13363500751 composite?
True
Is 769684781 a prime number?
True
Is 1612641127 a prime number?
True
Is 9055880931 prime?
False
Is 547642577 a prime number?
False
Is 2455817345 composite?
True
Is 9923799619 composite?
False
Is 26728448111 a composite number?
False
Is 69942473 composite?
True
Is 7075636427 composite?
True
Is 11626073 composite?
False
Is 16153793011 a prime number?
True
Is 46850112041 prime?
True
Is 2929154731 prime?
True
Is 774523751 prime?
True
Is 1182221969 composite?
True
Is 45851686922 composite?
True
Is 2969250241 a prime number?
False
Is 19646853313 a composite number?
False
Is 37046571 prime?
False
Is 271964939 a composite number?
True
Is 45153469 a prime number?
True
Is 22071008131 a composite number?
False
Is 12367998859 a prime number?
False
Is 729750293 composite?
True
Is 3382538182 a prime number?
False
Is 4369710217 a prime number?
True
Is 5890128719 composite?
True
Is 173697478883 prime?
False
Is 261103063 composite?
True
Is 1148710273 a prime number?
False
Is 554719117 prime?
False
Is 2536862633 a prime number?
True
Is 1614664907 prime?
False
Is 3113778827 a prime number?
True
Is 4566088799 a prime number?
False
Is 1078098713 a prime number?
True
Is 5394827843 a composite number?
False
Is 5953154549 a composite number?
False
Is 5955947549 a prime number?
True
Is 342298839 composite?
True
Is 569977081 prime?
True
Is 27267547457 composite?
False
Is 106365413951 prime?
True
Is 1364557529 prime?
True
Is 5003383363 composite?
True
Is 31687596671 prime?
False
Is 86097701111 prime?
True
Is 33487607633 a composite number?
True
Is 27699862313 a prime number?
False
Is 2007366649 a composite number?
False
Is 1871179897 a prime number?
True
Is 1506497567 a prime number?
False
Is 1225362887 prime?
False
Is 670988663 a composite number?
True
Is 5887583489 a composite number?
True
Is 32345468609 composite?
True
Is 1402685941 composite?
False
Is 203985247 composite?
False
Is 5359813103 a prime number?
False
Is 30103393591 a prime number?
True
Is 219618508429 composite?
True
Is 717593402 composite?
True
Is 3038380441 a prime number?
False
Is 4578346813 composite?
True
Is 205369561 prime?
False
Is 6137470783 a composite number?
False
Is 17916835379 a prime number?
True
Is 765728309 prime?
True
Is 18836213273 composite?
True
Is 4765630849 a composite number?
True
Is 933522827 composite?
True
Is 10425793229 a composite number?
False
Is 2825147426 prime?
False
Is 2385031463 prime?
True
Is 14622623533 a composite number?
True
Is 1466858317 a composite number?
False
Is 12552383323 composite?
True
Is 105678793 a composite number?
True
Is 65765054139 a composite number?
True
Is 45712013617 a prime number?
False
Is 15416432681 composite?
True
Is 664410707 a composite number?
True
Is 2557572277 a composite number?
True
Is 40594299521 composite?
False
Is 15710230079 a prime number?
True
Is 2138840993 prime?
False
Is 12864092803 prime?
False
Is 370044187 composite?
False
Is 3018670817 a composite number?
True
Is 7284288389 prime?
False
Is 37914080003 a prime number?
False
Is 3526527479 prime?
False
Is 11291835505 a composite number?
True
Is 1736203087 a composite number?
False
Is 159530109 composite?
True
Is 28614679253 prime?
True
Is 6286690069 a prime number?
False
Is 16459635403 prime?
False
Is 204287099 prime?
False
Is 57619632167 a prime number?
False
Is 218678365333 composite?
True
Is 2925971141 a composite number?
False
Is 175892566 a composite number?
True
Is 3952797281 composite?
True
Is 9302470679 prime?
False
Is 42961035979 composite?
False
Is 19870754153 a composite number?
True
Is 46586145473 a composite number?
True
Is 27164498761 a composite number?
False
Is 837147397 a composite number?
False
Is 86476373 composite?
True
Is 655733017 a composite number?
False
Is 46865072522 a prime number?
False
Is 9543102083 prime?
True
Is 2239990589 composite?
False
Is 1847318773 prime?
False
Is 5450653343 a prime number?
True
Is 15588561257 composite?
False
Is 1831258777 a composite number?
True
Is 10250997095 prime?
False
Is 1079926253 composite?
True
Is 4647162967 composite?
False
Is 38439131 composite?
False
Is 408953291 a composite number?
False
Is 2163164511 a composite number?
True
Is 7791909929 composite?
False
Is 42889141721 a composite number?
False
Is 590712817 composite?
True
Is 1262931673 prime?
True
Is 256633913 composite?
True
Is 3058880863 prime?
True
Is 1245439883 prime?
True
Is 38671836173 a prime number?
True
Is 195996241 a composite number?
True
Is 495346063 a prime number?
True
Is 380138707 a prime number?
False
Is 2073277681 prime?
False
Is 500970643 a composite number?
True
Is 334684144939 a composite number?
False
Is 5096720243 prime?
True
Is 274656206239 a prime number?
True
Is 7413820931 prime?
False
Is 10250644385 prime?
F